8/10)/((-5)/(-75)) is divided by o?
12
Let t(w) = -w**3 + 8*w**2 - 4*w + 4. Let v be 172/20 - (-4)/10. Let m = v + 11. Calculate the remainder when t(5) is divided by m.
19
Suppose 0 = -3*n + n + 10. Let l(b) = -b**3 + 5*b**2 - b - 3. Calculate the remainder when l(4) is divided by n.
4
Suppose 6*l - 874 = -166. Calculate the remainder when l is divided by 30.
28
What is the remainder when 32 is divided by (-21)/(-3) - (-10)/2?
8
Suppose -3*q + 2 = -q + 4*j, -20 = -5*q + 5*j. Suppose 0 = -q*z + 6*z - 93. What is the remainder when z is divided by (4/3)/((-1)/(-12))?
15
Suppose 4*q = -4 + 140. Calculate the remainder when q is divided by 18.
16
Let r = 5 + -3. Suppose -4*l - 132 = -r*g, 0 = -5*g + 3*g - 2*l + 108. What is the remainder when g is divided by 15?
13
Let v(l) = -9*l - 7. Suppose 2*g + 7 = -3. Suppose 4*n - 45 - 35 = 0. What is the remainder when v(g) is divided by n?
18
Let i be -2*2*2/(-8). Suppose c - 9 + i = 0. Calculate the remainder when 15 is divided by c.
7
Let p(m) = 4*m - 4. Let f = -59 - -62. What is the remainder when p(3) is divided by f?
2
Suppose y - n = 2*n + 80, 0 = y - 5*n - 82. Calculate the remainder when y is divided by 16.
13
Suppose -3*o - 19 = 23. Let g be (-50)/(-14) + (-6)/o. Suppose 1 = g*j - 83. What is the remainder when j is divided by 6?
3
Let h = 36 + -21. What is the remainder when 38 + (-18)/4*4/(-6) is divided by h?
11
What is the remainder when 4 - 1 - 3*24/(-4) is divided by 4?
1
Suppose 0 = -2*p - 120 + 46. Let x = p + 66. What is the remainder when x is divided by 16?
13
Suppose 30 = 4*y - 6. What is the remainder when 22 is divided by y?
4
Let z = -14 + 16. Calculate the remainder when 6 is divided by z.
0
Let j = 57 - 26. Calculate the remainder when 61 is divided by j.
30
Suppose 52 = -i + 2*i. Suppose -q - q = -i. Suppose j - 2*j + 14 = 0. What is the remainder when q is divided by j?
12
Let m = -58 + 103. Calculate the remainder when m is divided by (-38)/(-3) - 6/9.
9
Let l = 196 + -178. Let c = 17 - -15. Calculate the remainder when c is divided by l.
14
Suppose 3*h + 620 = 8*h. What is the remainder when h is divided by 63?
61
Let q = 49 - 31. Let k = -75 + 145. What is the remainder when k is divided by q?
16
Let s(y) = y**3 - 2*y**2 + 3*y + 4. Calculate the remainder when s(4) is divided by 10.
8
Let c = -12 - -22. What is the remainder when 17 is divided by c?
7
Let r(o) = -13*o. Let v(z) = -z + 6. Let j be v(6). Suppose -5*s + 4*w = 17, j = 3*s - 7*s + 4*w - 16. What is the remainder when 24 is divided by r(s)?
11
Let y(r) = r**3 + 7*r**2 - 11*r - 4. Calculate the remainder when y(-7) is divided by 19.
16
Suppose 0 = -4*d + 10*d - 84. Let l be -1 - -5 - (2 - 0). Suppose -5*u - 32 = -q - 0*q, 51 = l*q + 3*u. What is the remainder when q is divided by d?
13
Let b(v) = 8*v**3 - 2*v - 1. Let n be b(-1). Let h(j) = -j**2 - 6*j + 3. Let m be h(n). What is the remainder when 23 is divided by (-76)/(-6) - m/(-6)?
11
Let t(m) = -12*m - 1. Let c = 53 - 78. Let i = c - -46. What is the remainder when i is divided by t(-1)?
10
Suppose 10*g - 232 - 48 = 0. Calculate the remainder when g is divided by 25.
3
Let r = 56 - 4. What is the remainder when 102 is divided by r?
50
Suppose u + 3 - 5 = 0. Suppose 50 + 65 = 3*j + 5*z, -u = -z. Let l(s) = 7*s + 18. Calculate the remainder when j is divided by l(0).
17
Let h(g) = 13*g. What is the remainder when 51 is divided by h(2)?
25
Let y be (0 + -12)*1/(-1). Suppose -p - y = -l, 28 = 2*l + 2*l + p. Calculate the remainder when 15 is divided by l.
7
Let n be -10 - 0/(9/3). Let r(i) = i**2 + 5*i - 6. Calculate the remainder when r(n) is divided by (-30)/2*(2 + -3).
14
Let r(g) = -g**3 + 37*g**2 + 38*g + 8. Let y be 4*(0 + 8) - -1. Suppose -4*b = -4*s - 52, b + 14 = -5*s + y. What is the remainder when b is divided by r(38)?
6
Let o = -10 + 20. Calculate the remainder when 33 is divided by 125/o + (-1)/2.
9
What is the remainder when (-28)/4*(-40)/7 is divided by 22?
18
Let s(a) = -a**3 + a**2 - a + 108. Let j be s(0). Let o = j + -71. What is the remainder when o is divided by 13?
11
Let i = -67 - -112. Suppose 5*b = 42 - 2. What is the remainder when i is divided by b?
5
Let c be (-3)/6*5*-6. Suppose 0 = 4*q - 3 + c, -12 = -3*s - 4*q. Suppose 2*r + 3*l + 3 = 0, 3*l = r - 0 - 12. What is the remainder when s is divided by r?
2
Let m(y) be the first derivative of y**4/4 + 7*y**3/3 - 9*y**2/2 + 10*y + 3. Let f be m(-8). Let l = f + -8. What is the remainder when 18 is divided by l?
8
Let s = 2 + -26. Calculate the remainder when (-3 + 2)*-3 - s is divided by 7.
6
Suppose -5*q = -5*z - 21 - 14, 2 = 2*q + 2*z. Suppose 5*k - 139 = -4*d, -q*d - d = -4*k + 144. Let r = 22 - 6. What is the remainder when k is divided by r?
15
Suppose g - 105 = -2*g. Suppose 5*z - 4*x = g, -7*x = 5*z - 3*x + 5. What is the remainder when z is divided by 2?
1
Let k = 9 - 6. Suppose -76 = -5*n + 2*z, -k*n + 0*z = -3*z - 51. What is the remainder when 55 is divided by n?
13
Let k(l) = -l**2 - 5*l + 6. Let g be k(-6). Let s be 3/((-9)/(-12)) + g. Suppose -d - s*d = -125. What is the remainder when d is divided by 13?
12
Let r = -14 + 18. Calculate the remainder when 12 is divided by r.
0
Suppose 0 = 56*i - 16*i - 1400. What is the remainder when 1*(0 - 1) + 103 is divided by i?
32
Let f = 48 + -36. What is the remainder when f is divided by 7?
5
Let s = -4 + 2. Let v = -63 + 107. Calculate the remainder when v is divided by (s + (-69)/(-12))*4.
14
Let y be 4/(-10) + 36/15. Suppose 16 = 4*t, -x - y*t = -5*x - 24. Let a(j) = -4*j + 5. What is the remainder when 62 is divided by a(x)?
20
Let a = -39 + 64. Suppose 4*b - 162 - 130 = 0. Calculate the remainder when b is divided by a.
23
Suppose 12 = -0*j + 4*j. Let o be 6/(-4)*j*-2. Suppose -2*q + o - 90 = -5*h, -4*q = 5*h - 63. What is the remainder when 43 is divided by h?
13
Suppose -c + 42 = 2*w + 3*c, w - 26 = -c. Calculate the remainder when w is divided by 19.
12
Let m(k) = 2*k**2 - 7*k - 8. Calculate the remainder when m(7) is divided by 11.
8
Suppose 0 = 5*r - 48 - 37. Let v = -9 + 42. What is the remainder when v is divided by r?
16
Suppose 4*l + 6 + 10 = 2*a, 3*a + l - 31 = 0. What is the remainder when 37 is divided by a?
7
Suppose -7*p + 33 = -156. Calculate the remainder when p is divided by 10.
7
Let i(n) = 2*n - 4. Let h be i(3). Let o be h - 0 - 2 - 3. What is the remainder when (3/(-6) - o)*22 is divided by 14?
13
Suppose -5*s - 4 + 9 = 0. What is the remainder when 58/4*(-4)/(-2) is divided by 10/s + (8 - 10)?
5
Let c(u) = u**2 + 6*u + 8. Let r be 3 - (-11)/(3/(-3)). What is the remainder when c(r) is divided by (26/6)/(2/6)?
11
Let t = 68 + -21. Let i(s) = -s**3 + 11*s**2 + 14*s - 8. What is the remainder when t is divided by i(12)?
15
Let d be 10/8 + 12/16. Suppose 68 = 2*h + d*h. What is the remainder when h is divided by 6?
5
Let o = -18 - -34. Calculate the remainder when 61 is divided by o.
13
Let u(q) be the second derivative of q**4/6 - 5*q**3/3 - q**2 - 3*q. What is the remainder when u(7) is divided by 7?
5
Let g = -11 + 16. Suppose -s = -g*s + 88. What is the remainder when 65 is divided by s?
21
Let j be (-2)/(-6) - (-92)/12. Let s(k) = -k**2 + 10*k - 9. Suppose -3*d = 2*g - 0*g - 45, 4*g + 53 = 5*d. Calculate the remainder when d is divided by s(j).
6
Let w = -9 - -38. Calculate the remainder when 56 is divided by w.
27
Let x(v) = v**3 + 6*v**2 + 6*v + 4. What is the remainder when 4/(-2)*47/(-2) is divided by x(-4)?
11
Let t = 1 + -1. Suppose -5*m + a + 15 = t, 5*m + 4*a = -0*a + 40. What is the remainder when 15 is divided by m?
3
Calculate the remainder when ((-7)/14 + 2/(-4))*-37 is divided by 8.
5
Suppose -42 = -b - b - 4*q, b + 3*q - 20 = 0. Suppose 3 = -3*t, 5*l + 3*t - 8*t = 335. What is the remainder when l is divided by b?
20
Suppose 0*v + 4*v - 236 = 0. What is the remainder when v is divided by 20?
19
Calculate the remainder when 30 is divided by -8*(-3)/(0 + 3).
6
Let j be 5/10*(10 - 0). Let p = j - -28. Suppose -5*n = -f + p, -5*n - 46 = -2*f - 0*n. What is the remainder when 25 is divided by f?
12
Suppose 0 = 3*c - 157 - 119. What is the remainder when c is divided by 19?
16
Suppose 5*k - 18 = -3*p, 2*p - 12 = -k - 0*k. Suppose 2*a - p - 8 = 0. Calculate the remainder when a is divided by 